) to base 6
5100
10201110 (base 3) to base 9
3643
1120020222 (base 3) to base 11
21166
1720 (base 11) to base 14
b32
Convert 31bb (base 12) to base 5.
133341
325311 (base 6) to base 9
41167
Convert -425 (base 7) to base 4.
-3113
-308 (base 13) to base 11
-429
Convert 1002101 (base 4) to base 13.
1c13
10011 (base 3) to base 6
221
What is -408 (base 14) in base 4?
-30120
-39905 (base 12) to base 13
-29ca8
What is -1341001 (base 5) in base 11?
-19835
Convert -3366 (base 9) to base 11.
-1964
-122120011 (base 3) to base 11
-9689
What is 32287 (base 10) in base 7?
163063
What is 110000011011110 (base 2) in base 3?
1021000110
Convert -6530 (base 8) to base 14.
-1360
Convert 2d75 (base 14) to base 5.
230024
What is 1111110101010 (base 2) in base 3?
102010020
Convert 10001010000 (base 2) to base 6.
5040
What is 2415 (base 14) in base 12?
3783
Convert -41c (base 15) to base 2.
-1110011111
-536 (base 8) to base 11
-299
Convert 205c (base 13) to base 11.
33a5
Convert 4617 (base 10) to base 16.
1209
Convert 100010111110110 (base 2) to base 5.
1033120
Convert -5453 (base 9) to base 10.
-4017
What is 121040 (base 5) in base 15?
1515
-28493 (base 12) to base 5
-3242413
-16733 (base 13) to base 9
-64842
Convert 1392 (base 10) to base 14.
716
What is 532 (base 9) in base 7?
1160
What is -e2 (base 15) in base 13?
-134
-244 (base 5) to base 11
-68
170 (base 10) to base 11
145
Convert 11101220 (base 3) to base 4.
302022
Convert -4514 (base 11) to base 5.
-142234
-b7cd (base 14) to base 13
-115a4
What is -1a20 (base 13) in base 9?
-5327
Convert -1041123 (base 6) to base 3.
-2122110220
What is 10110011001110 (base 2) in base 4?
2303032
Convert -13504 (base 13) to base 9.
-54341
What is 250 (base 7) in base 12?
b1
-1220 (base 15) to base 12
-2293
What is -5245 (base 6) in base 5?
-14211
-220a (base 12) to base 5
-110004
What is -33b (base 14) in base 16?
-281
Convert 120442 (base 7) to base 13.
9c28
What is 785 (base 16) in base 12?
1145
Convert -2121 (base 4) to base 6.
-413
-1e0 (base 15) to base 10
-435
Convert 122100201 (base 3) to base 10.
12655
What is -4a5 (base 14) in base 8?
-1641
What is -5e8c (base 16) in base 4?
-11322030
Convert 134 (base 9) to base 5.
422
What is -1606 (base 9) in base 4?
-103011
-2cc6 (base 15) to base 4
-2112210
Convert 5643 (base 16) to base 2.
101011001000011
Convert -4400 (base 11) to base 16.
-16b0
-10111000100010 (base 2) to base 6
-130402
522 (base 10) to base 14
294
-6bda (base 15) to base 2
-101100110010010
What is 59b3 (base 14) in base 5?
1000031
What is 1242 (base 6) in base 14?
186
What is -10011212 (base 3) in base 5?
-33233
Convert -20323213 (base 4) to base 5.
-2132313
1001201110 (base 3) to base 13
96b7
What is 1024444 (base 6) in base 2?
1100010001101100
-1010210 (base 3) to base 9
-1123
What is 670 (base 11) in base 6?
3415
2562 (base 10) to base 11
1a1a
2645 (base 9) to base 3
2201112
Convert 53412 (base 8) to base 3.
1010120021
What is 6100 (base 7) in base 5?
31412
What is -101010002 (base 3) in base 10?
-7373
1303123 (base 4) to base 10
7387
Convert 878 (base 10) to base 8.
1556
What is 16a0 (base 11) in base 16?
877
What is 116a (base 12) in base 3?
2200101
Convert 114 (base 6) to base 15.
31
Convert 2a21 (base 13) to base 7.
23550
-633 (base 11) to base 14
-3c6
Convert 531 (base 10) to base 9.
650
What is 1393 (base 10) in base 3?
1220121
What is -6104 (base 8) in base 10?
-3140
What is 11120 (base 9) in base 3?
101010200
Convert -45 (base 12) to base 16.
-35
b86 (base 15) to base 10
2601
Convert 1202 (base 8) to base 5.
10032
Convert -33341 (base 5) to base 15.
-a66
What is 603 (base 7) in base 3?
102000
4712 (base 14) to base 6
133124
Convert -101000100011010 (base 2) to base 12.
-10022
What is -cc80 (base 14) in base 6?
-431504
-203203 (base 4) to base 3
-10010021
What is -100342 (base 5) in base 11?
-246a
Convert -324113 (base 5) to base 12.
-655a
Convert a0c3 (base 14) to base 3.
1101212122
Convert -33a (base 13) to base 10.
-556
39c (base 13) to base 3
212120
Convert 460 (base 9) to base 16.
17a
Convert 757 (base 15) to base 9.
2241
Convert 305 (base 8) to base 16.
c5
What is 112112 (base 4) in base 13?
860
-436 (base 16) to base 3
-1110221
What is -253ba (base 12) in base 6?
-1030354
112034 (base 8) to base 14
db64
Convert a8 (base 12) to base 8.
200
Convert -a17a (base 11) to base 12.
-79a6
Convert -136023 (base 7) to base 2.
-110010111100101
What is 35888 (base 9) in base 13?
ac46
Convert 11020010 (base 4) to base 13.
9731
Convert 1264c (base 14) to base 16.
b05c
Convert -853 (base 13) to base 16.
-58c
What is -107df (base 16) in base 4?
-100133133
What is 110a (base 11) in base 10?
1462
Convert a00 (base 11) to base 16.
4ba
22044 (base 6) to base 2
101111101100
Convert -3651 (base 7) to base 10.
-1359
Convert -110111010 (base 2) to base 14.
-238
344 (base 6) to base 13
a6
-65 (base 12) to base 5
-302
What is 1bad (base 16) in base 12?
4125
What is -5365 (base 7) in base 12?
-1131
What is 3541 (base 6) in base 3?
1011121
-3010 (base 5) to base 13
-233
Convert -2350 (base 7) to base 4.
-31210
What is -4688 (base 14) in base 3?
-121211112
What is 71 (base 14) in base 3?
10200
-648 (base 11) to base 15
-36d
8a (base 14) to base 2
1111010
What is 250 (base 6) in base 7?
204
What is 100111111 (base 2) in base 13?
1b7
-11e2 (base 16) to base 10
-4578
-18c (base 15) to base 10
-357
Convert -ca3 (base 13) to base 14.
-b05
Convert 17675 (base 9) to base 4.
2332322
Convert -11012 (base 5) to base 11.
-629
Convert -30104 (base 6) to base 3.
-12101111
Convert -144200 (base 5) to base 6.
-44331
What is 2562 (base 7) in base 13?
5a0
Convert -311 (base 14) to base 11.
-4a9
-202323 (base 4) to base 16
-8bb
Convert 100001100101 (base 2) to base 16.
865
-595 (base 12) to base 6
-3505
11001010101011 (base 2) to base 13
5b9a
Convert 1110100101 (base 2) to base 7.
2502
What is 435 (base 16) in base 5?
13302
What is 3233 (base 6) in base 14?
3ad
Convert -101201010 (base 3) to base 16.
-1e7e
What is 3015 (base 15) in base 11?
7693
Convert 1110310 (base 4) to base 9.
7401
Convert -25387 (base 9) to base 8.
-41301
Convert -20a (base 15) to base 10.
-460
-dd (base 16) to base 5
-1341
-42c (base 14) to base 10
-824
What is -2ab2 (base 14) in base 16?
-1db4
Convert -1cd (base 16) to base 7.
-1226
What is -411326 (base 7) in base 5?
-4221024
12001 (base 3) to base 15
91
Convert 11010001100 (base 2) to base 14.
87a
What is 26036 (base 13) in base 6?
1301405
25846 (base 9) to base 10
17457
Convert -27912 (base 10) to base 9.
-42253
Convert -21321 (base 5) to base 12.
-a19
534 (base 9) to base 11
367
Convert 293 (base 12) to base 15.
1b9
Convert 363 (base 13) to base 11.
495
-6c2 (base 13) to base 3
-1121102
-1370 (base 10) to base 12
-962
What is -2312 (base 5) in base 11?
-282
Convert -101011100111 (base 2) to base 7.
-11065
-13104 (base 8) to base 14
-2112
-2285 (base 9) to base 14
-893
-1aaa (base 11) to base 3
-10122120
2425 (base 6) to base 12
415
What is 439 (base 13) in base 14?
39a
Convert -1000001010110 (base 2) to base 12.
-2506
What is 3621 (base 7) in base 12?
936
-2620 (base 7) to base 9
-1324
Convert -489 (base 15) to base 4.
-100011
-1d6 (base 16) to base 3
-122102
What is 1043222 (base 5) in base 13?
85ab
Convert -32002 (base 8) to base 9.
-20233
-15652 (base 12) to base 9
-45508
-1431 (base 8) to base 11
-661
-1134 (base 7) to base 11
-34a
-8d05 (base 15) to base 8
-72352
c6bd (base 16) to base 11
35252
What is -34101 (base 10) in base 16?
-8535
Convert 2c (base 14) to base 3.
1111
Convert 6031 (base 8) to base 14.
11b3
635 (base 15) to base 10
1400
Convert -104 (base 12) to base 15.
-9d
Convert 49 (base 14) to base 8.
101
746 (base 14) to base 3
1222010
What is -2827 (base 9) in base 11?
-1668
What is -101000010100 (base 2) in base 10?
-2580
136 (base 8) to base 9
114
What is 2695 (base 12) in base 4?
1011101
2591 (base 10) to base 8
5037
Convert -1210002212 (base 3) to base 6.
-430205
Convert 10101111100001 (base 2) to base 4.
2233201
What is -324 (base 7) in base 9?
-203
What is 113002 (base 4) in base 12?
a2a
-a044 (base 15) to base 13
-12511
What is -1324331 (base 5) in base 8?
-64331
What is -30122 (base 5) in base 8?
-3570
51 (base 11) to base 4
320
918 (base 12) to base 8
2444
Convert -110010 (base 4) t